{"id":1089,"date":"2025-04-09T20:49:29","date_gmt":"2025-04-09T20:49:29","guid":{"rendered":"\/?page_id=1089"},"modified":"2025-04-25T16:14:22","modified_gmt":"2025-04-25T16:14:22","slug":"disfruta-del-parque","status":"publish","type":"page","link":"\/?page_id=1089","title":{"rendered":"Disfruta del parque"},"content":{"rendered":"\n<div class=\"disfrutaelparque-inicio\">\n  <div style=\"display: flex; flex-wrap: wrap; align-items: center; justify-content: center;\">\n    \n    <!-- Texto a la izquierda -->\n    <div style=\"flex: 1; min-width: 300px; padding: 2rem;\">\n      <h1 style=\"color: #e6007e; font-size: 2.5rem; font-weight: bold;\">Ven a practicar deporte<\/h1>\n      <h2 style=\"color: #666; font-size: 2rem; font-weight: 600;\"><\/h2>\n      <p style=\"font-size: 1.2rem; color: #555;\">En nuestras 64 hect\u00e1reas contamos con recintos de primer nivel y espacios abiertos donde se\npuede realizar actividad f\u00edsica.<br>\nNuestra oferta es gratuita y si quieres disfrutarla, puedes inscribirte en nuestras plataformas y\nreservar tu lugar.<br>\nEl parque tambi\u00e9n es tuyo, debes disfrutarlo y cuidarlo.<\/p>\n<a class=\"boton-formulario\" href=\"https:\/\/entrenamientos.parqueestadionacional.cl\/\" target=\"_blank\">Ir al formulario \u27a4<\/a>\n    <\/div>\n\n    <!-- Imagen a la derecha -->\n    <div style=\"flex: 1; min-width: 300px; text-align: center;\">\n      <img decoding=\"async\" src=\"https:\/\/i.imgur.com\/bDTk9fS.png\" alt=\"Disfruta el parque\" style=\"width: 100%; height: auto;\" \/>\n    <\/div>\n\n  <\/div>\n<\/div>\n\n<style>\n  .disfrutaelparque-inicio {\n    max-width: none !important;\n    width: 100%;\n  }\n.disfrutaelparque-inicio a.boton-formulario {\n    display: inline-block;\n    background-color: #00cfc3;\n    color: white;\n    font-weight: bold;\n    font-size: 1.1rem;\n    padding: 12px 30px;\n    border-radius: 30px;\n    text-decoration: none;\n    transition: background-color 0.3s ease;\n  }\n  .disfrutaelparte-inicio a.boton-formulario:hover {\n    background-color: #00b0a9;\n  }\n.disfrutaelparte-inicio a.boton-formulario {\n      font-size: 1rem;\n      padding: 10px 25px;\n    }\n<\/style>\n\n\n\n<style>\n  .disfrutaelparte-tercera {\n    max-width: none !important;\n    width: 100% !important;\n    background-image: url('https:\/\/imagizer.imageshack.com\/img922\/5450\/yECTll.png');\n    background-size: contain;\n    background-repeat: no-repeat;\n    background-position: center top;\n    position: relative;\n    padding: 60px 0;\n    min-height: 800px;\n    display: flex;\n    align-items: center;\n    justify-content: flex-end;\n  }\n\n  .disfrutaelparte-tercera .contenedor-texto {\n    max-width: 1200px;\n    width: 100%;\n    margin: 0 auto;\n    position: relative;\n    display: flex;\n    align-items: center;\n    justify-content: flex-end;\n    padding: 0 40px;\n  }\n\n  .disfrutaelparte-tercera .caja-amarilla {\n    background-image: url('https:\/\/imagizer.imageshack.com\/img924\/6738\/jyU0aL.png');\n    background-size: contain;\n    background-repeat: no-repeat;\n    background-position: center;\n    width: 620px;\n    max-width: 100%;\n    box-sizing: border-box;\n    display: flex;\n    flex-direction: column;\n    align-items: center;\n    justify-content: center;\n    text-align: center;\n    color: white;\n    padding: 60px 40px;\n  }\n\n  .disfrutaelparte-tercera h2 {\n    font-size: 2.3rem;\n    font-weight: bold;\n    margin-bottom: 20px;\n    margin-top: 0;\n    color: white !important;\n  }\n\n  .disfrutaelparte-tercera p {\n    font-size: 1.05rem;\n    line-height: 1.5;\n    margin-bottom: 30px;\n    margin-top: 0;\n  }\n\n  .disfrutaelparte-tercera a.boton-formulario {\n    display: inline-block;\n    background-color: #00cfc3;\n    color: white;\n    font-weight: bold;\n    font-size: 1.1rem;\n    padding: 12px 30px;\n    border-radius: 30px;\n    text-decoration: none;\n    transition: background-color 0.3s ease;\n  }\n\n  .disfrutaelparte-tercera a.boton-formulario:hover {\n    background-color: #00b0a9;\n  }\n\n  @media (max-width: 768px) {\n    .disfrutaelparte-tercera {\n      background-size: cover;\n      background-position: center top;\n      padding: 40px 0;\n      justify-content: center;\n    }\n\n    .disfrutaelparte-tercera .contenedor-texto {\n      justify-content: center;\n      padding: 0;\n    }\n\n    .disfrutaelparte-tercera .caja-amarilla {\n      padding: 40px 25px;\n      background-size: cover;\n      background-position: center;\n      text-align: center;\n      width: 100vw;\n      max-width: 100vw;\n      align-items: center;\n    }\n\n    .disfrutaelparte-tercera h2 {\n      font-size: 2rem;\n      color: white !important;\n    }\n\n    .disfrutaelparte-tercera p {\n      font-size: 1rem;\n    }\n\n    .disfrutaelparte-tercera a.boton-formulario {\n      font-size: 1rem;\n      padding: 10px 25px;\n    }\n  }\n<\/style>\n\n<div class=\"disfrutaelparte-tercera\">\n  <div class=\"contenedor-texto\">\n    <div class=\"caja-amarilla\">\n      <h2 style=\"font-size: 30px;\">Las canchas que puedes utilizar<\/h2>\n     <p style=\"font-size: 14px;\">\n  La renovaci\u00f3n del Parque Estadio Nacional dej\u00f3 como legado una serie de espacios que pueden ser utilizadas por la comunidad. Entre las disciplinas que se pueden practicar se encuentran el tenis, donde est\u00e1n a disposici\u00f3n algunas de las canchas del renovado Centro de Tenis y Raquetas.<br>\n  No s\u00f3lo eso, en el sector sur del parque (junto a la Avenida Guillermo Mann) contamos con dos canchas m\u00e1s de tenis, tres de v\u00f3leibol y dos de b\u00e1squetbol, adem\u00e1s de camarines y ba\u00f1os totalmente nuevos.\n<\/p>\n\n      \n    <\/div>\n  <\/div>\n<\/div>\n\n\n\n<style>\n  .disfrutaelparque-quinta {\n    max-width: none !important;\n    width: 100% !important;\n    background-image: url('https:\/\/i.imgur.com\/HROGuO9.png');\n    background-size: contain !important;\n    background-repeat: no-repeat !important;\n    background-position: center top !important;\n    position: relative;\n    padding: 100px 0;\n    min-height: 100vh;\n    display: flex;\n    align-items: flex-start;\n    justify-content: flex-start;\n  }\n\n  .mancha-verde-quinta {\n    background-image: url('https:\/\/i.imgur.com\/u9ULGOa.png');\n    background-size: contain;\n    background-repeat: no-repeat;\n    background-position: left top;\n    width: 750px;\n    height: 440px;\n    position: absolute;\n    top: 100px;\n    left: 0;\n    display: flex;\n    flex-direction: column;\n    justify-content: flex-start;\n    align-items: flex-start;\n    padding: 40px 60px 20px 60px;\n    box-sizing: border-box;\n    color: white;\n    overflow: hidden;\n  }\n\n  .mancha-verde-quinta h2 {\n    font-size: 2.2rem;\n    font-weight: bold;\n    color: white;\n    margin: 0 0 5px 0;\n  }\n\n  .mancha-verde-quinta p {\n    font-size: 0.95rem;\n    color: white;\n    margin: 0;\n  }\n\n  @media (max-width: 768px) {\n    .disfrutaelparque-quinta {\n      background-size: cover !important;\n      background-position: center top !important;\n      flex-direction: column;\n      align-items: center;\n      padding: 40px 0;\n    }\n\n    .mancha-verde-quinta {\n      width: 90vw;\n      height: auto;\n      background-size: 100% 100%;\n      position: relative;\n      padding: 40px 20px;\n      top: 0;\n    }\n\n    .mancha-verde-quinta h2 {\n      font-size: 2rem;\n    }\n\n    .mancha-verde-quinta p {\n      font-size: 0.9rem;\n    }\n  }\n<\/style>\n\n<div class=\"disfrutaelparque-quinta\">\n  <div class=\"mancha-verde-quinta\">\n    <h2>Al aire libre<\/h2>\n    <p>Si lo tuyo es mover el cuerpo al ritmo de la m\u00fasica, \u00fanete a nuestros vibrantes talleres de zumba o cycling, y si prefieres la tranquilidad del aire libre, tenemos amplios espacios para pedalear o pasear a tu mascota mientras disfrutas del entorno.<\/p>\n    <p style=\"margin-top: 10px;\">Las actividades son gratuitas y solo debes acercarte a los puntos donde se desarrollen y sumarte, todas est\u00e1n sujetas a disponibilidad de cupos.<\/p>\n  <\/div>\n<\/div>\n\n\n\n<style>\n  .disfrutaelparque-cuarta {\n    max-width: none !important;\n    width: 100% !important;\n    background-image: url('https:\/\/i.imgur.com\/HPiLSOb.png');\n    background-size: 1100px auto;\n    background-repeat: no-repeat;\n    background-position: center top;\n    position: relative;\n    padding: 60px 0;\n    min-height: 700px;\n    display: flex;\n    align-items: flex-start;\n    justify-content: flex-start;\n  }\n\n  .mancha-superior-cuarta {\n    background-image: url('https:\/\/i.imgur.com\/w4WkrNe.png');\n    background-size: contain;\n    background-repeat: no-repeat;\n    background-position: left top;\n    width: 750px;\n    height: 400px;\n    position: absolute;\n    top: 0;\n    left: 0;\n    display: flex;\n    align-items: flex-start;\n    justify-content: center;\n    text-align: center;\n    padding: 60px 40px 0;\n    box-sizing: border-box;\n  }\n\n  .mancha-superior-cuarta h2 {\n    font-size: 2.5rem;\n    font-weight: bold;\n    color: white;\n    margin: 0;\n  }\n\n  .mancha-inferior-cuarta {\n    background-image: url('https:\/\/i.imgur.com\/YDa9uKF.png');\n    background-size: contain;\n    background-repeat: no-repeat;\n    background-position: right bottom;\n    width: 750px;\n    height: 440px;\n    position: absolute;\n    bottom: 0;\n    right: 0;\n    display: flex;\n    flex-direction: column;\n    align-items: center;\n    justify-content: flex-start;\n    text-align: center;\n    padding: 140px 40px 0;\n    box-sizing: border-box;\n    color: white;\n    overflow: hidden;\n  }\n\n  .mancha-inferior-cuarta h3 {\n    font-size: 2rem;\n    font-weight: bold;\n    color: white;\n    margin-bottom: 15px;\n  }\n\n  .mancha-inferior-cuarta p {\n    font-size: 1.1rem;\n    margin: 0 0 10px;\n    max-width: 100%;\n    color: white;\n  }\n\n  .mancha-inferior-cuarta a.boton-formulario {\n    display: inline-block;\n    background-color: white;\n    color: #00cfc3;\n    font-weight: bold;\n    font-size: 1.1rem;\n    padding: 12px 30px;\n    border-radius: 30px;\n    text-decoration: none;\n    transition: background-color 0.3s ease, color 0.3s ease;\n    margin-top: 10px;\n  }\n\n  .mancha-inferior-cuarta a.boton-formulario:hover {\n    background-color: #f0f0f0;\n    color: #00b0a9;\n  }\n\n  @media (max-width: 768px) {\n    .disfrutaelparque-cuarta {\n      background-size: cover;\n      background-position: center top;\n      flex-direction: column;\n      align-items: center;\n      padding: 40px 0;\n    }\n\n    .mancha-superior-cuarta,\n    .mancha-inferior-cuarta {\n      width: 100vw;\n      background-size: 100% 100%;\n      background-position: center;\n      position: relative;\n      padding: 40px 20px 0;\n    }\n\n    .mancha-superior-cuarta {\n      align-items: flex-start;\n      justify-content: center;\n      height: auto;\n      min-height: 300px;\n      padding-top: 40px;\n    }\n\n    .mancha-superior-cuarta h2 {\n      font-size: 2rem;\n      color: white;\n    }\n\n    .mancha-inferior-cuarta {\n      justify-content: flex-start;\n      padding-top: 100px;\n    }\n\n    .mancha-inferior-cuarta h3 {\n      font-size: 1.7rem;\n      font-weight: bold;\n      color: white;\n    }\n\n    .mancha-inferior-cuarta p {\n      font-size: 1rem;\n      color: white;\n    }\n\n    .mancha-inferior-cuarta a.boton-formulario {\n      font-size: 1rem;\n      padding: 10px 25px;\n    }\n  }\n<\/style>\n\n<div class=\"disfrutaelparque-cuarta\">\n  \n  <div class=\"mancha-inferior-cuarta\">\n    <h3>Talleres deportivos gratis<\/h3>\n    <p>El Parque Estadio Nacional cuenta con una amplia oferta de talleres deportivos dirigidos a personas de todas las edades y condiciones.<\/p>\n    <p>Hay m\u00e1s de treinta disciplinas a disposici\u00f3n y solo necesitas revisar las vacantes, inscribirte y ponerle ganas. Los cupos son limitados.<\/p>\n    <a class=\"boton-formulario\" href=\"https:\/\/sigi.ind.cl\/actividades\/\" target=\"_blank\">Postula a los talleres \u27a4<\/a>\n  <\/div>\n<\/div>\n","protected":false},"excerpt":{"rendered":"<p>Ven a practicar deporte En nuestras 64 hect\u00e1reas contamos con recintos de primer nivel y espacios abiertos donde se puede realizar actividad f\u00edsica. Nuestra oferta es gratuita y si quieres disfrutarla, puedes inscribirte en nuestras plataformas y reservar tu lugar. El parque tambi\u00e9n es tuyo, debes disfrutarlo y cuidarlo. Ir al formulario \u27a4 Las canchas [&hellip;]<\/p>\n","protected":false},"author":1,"featured_media":0,"parent":0,"menu_order":0,"comment_status":"closed","ping_status":"closed","template":"","meta":{"footnotes":""},"class_list":["post-1089","page","type-page","status-publish","hentry"],"_links":{"self":[{"href":"\/index.php?rest_route=\/wp\/v2\/pages\/1089","targetHints":{"allow":["GET"]}}],"collection":[{"href":"\/index.php?rest_route=\/wp\/v2\/pages"}],"about":[{"href":"\/index.php?rest_route=\/wp\/v2\/types\/page"}],"author":[{"embeddable":true,"href":"\/index.php?rest_route=\/wp\/v2\/users\/1"}],"replies":[{"embeddable":true,"href":"\/index.php?rest_route=%2Fwp%2Fv2%2Fcomments&post=1089"}],"version-history":[{"count":41,"href":"\/index.php?rest_route=\/wp\/v2\/pages\/1089\/revisions"}],"predecessor-version":[{"id":1459,"href":"\/index.php?rest_route=\/wp\/v2\/pages\/1089\/revisions\/1459"}],"wp:attachment":[{"href":"\/index.php?rest_route=%2Fwp%2Fv2%2Fmedia&parent=1089"}],"curies":[{"name":"wp","href":"https:\/\/api.w.org\/{rel}","templated":true}]}}